st common divisor of 13 and m.
13
Let l(z) = -18*z + 30. Let v be l(-17). Suppose 7*q + v = 14*q. What is the greatest common divisor of 84 and q?
12
Suppose 3*c - 233 = -2*x + 303, -4*x = -c + 160. Suppose f - 4*g - 24 = 7, 2*f - 42 = 4*g. Calculate the greatest common factor of c and f.
11
Suppose 0 = 5*t + y - 230, 3*t - 55*y - 160 = -60*y. Let x be (-27)/(-6) + (-2)/(-4). What is the greatest common divisor of x and t?
5
Let z = 37 + -19. Let b(x) = 48*x**2 - 4*x + 16. Let y be b(5). Let k be y/6 + 28/(-21). Calculate the highest common factor of k and z.
18
Suppose 0 = 315*x - 322*x + 126. Calculate the greatest common factor of 342 and x.
18
Let d = -77 + 327. Calculate the highest common divisor of 150 and d.
50
Let y be ((-15)/(-6))/(((-10)/(-148))/5). What is the highest common factor of y and 111?
37
Suppose -4*q = 3*s - 0*q - 41, -4*s - q + 59 = 0. Let w(i) = -i - 13. Let x be w(-21). Suppose -4 = -4*j + x. What is the highest common factor of s and j?
3
Let z(j) be the third derivative of j**5/5 - j**4/8 + j**3/6 + j**2. Let l be z(-4). Let q = l + -117. Calculate the greatest common divisor of 11 and q.
11
Suppose n + 355 + 13 = 4*l, 2*l - 184 = -n. What is the greatest common factor of 46 and l?
46
Let m(y) = -54*y - 726. Let v be m(-15). Calculate the greatest common divisor of 560 and v.
28
Suppose -4*q = 10 + 6. Let o be -2*(0 + 170/q). Let v be -2 + 0 - 612/(-17). Calculate the greatest common divisor of v and o.
17
Let a = 31 + 26. Calculate the greatest common divisor of a and 38.
19
Let x = 300 - 294. Calculate the highest common factor of x and 30.
6
Let h(g) = g**2 + 4*g - 2. Let z be h(-4). Suppose -7*p + 23 - 2 = 0. Let j = p - z. Calculate the highest common divisor of 25 and j.
5
Suppose 6*a - 991 = -5*u + 2*a, 4*u - 2*a - 772 = 0. What is the highest common factor of u and 35?
5
Let l(m) = -m**3 - 9*m**2 + 11*m + 13. Let n be l(-10). Let b(g) = -2*g + 22. Let p be b(5). What is the highest common divisor of n and p?
3
Suppose -3*y - 2*a - 293 = 0, -4*a - a = y + 115. Suppose -56 = o - 202. Let h = y + o. Calculate the highest common divisor of h and 34.
17
Suppose 5*p - 55 = -5*i, -i - 2*p + 7 + 7 = 0. Let x = -11 + 67. Calculate the greatest common divisor of i and x.
8
Suppose 0 = 46*n - 39*n - 14. Let c be 1 + (0 + 0 - 3). Let u be 3 + -2 + (-14)/c. Calculate the highest common divisor of n and u.
2
Let v(d) be the third derivative of -d**4/12 + d**3/3 + d**2. Let b be v(-5). Let a = 65 - 35. Calculate the greatest common factor of a and b.
6
Let f(p) = 2*p**2 - 3*p - 73. Let x be f(-7). What is the greatest common factor of x and 368?
46
Let z = 87 - 66. Let s be 3*(-3)/(-27)*z. What is the greatest common factor of s and 49?
7
Suppose -40 = -2*b + 184. What is the greatest common factor of b and 42?
14
Let f(p) = -p**2 - 3*p + 10. Let d = 4 + -8. Let x be f(d). Let y(n) = n + 8. Let r be y(-4). Calculate the greatest common factor of x and r.
2
Let x = 2946 + -2917. Calculate the highest common divisor of 3161 and x.
29
Let d(w) = 17*w - 16. Let i be d(7). Let h = i + -33. What is the highest common divisor of h and 14?
14
Suppose -3*q + 9 = 0, 0*v - 2*v + 3*q = -129. Suppose v = o + 23. Calculate the greatest common factor of 69 and o.
23
Suppose 78 = 9*r - 66. What is the highest common factor of r and 6?
2
Let n be -48 + 49 - (-3)/(3/74). Calculate the greatest common factor of n and 45.
15
Suppose -4*y + 0 + 12 = 0. Let g be y*2*(-5)/(-10). Let j = 0 - -1. What is the highest common factor of g and j?
1
Let z be ((-920)/180)/(-23) - (-68)/18. Calculate the highest common factor of z and 57.
1
Let r(z) = -8*z**2 - 29*z - 10. Let p be r(-3). Calculate the highest common factor of 1185 and p.
5
Suppose -g = -2*l - 39, -5*g - 2*l = -7*l - 210. What is the greatest common factor of 20 and g?
5
Let l = 22389 - 22379. Let n(d) = -3*d**3 + 3*d**2 - 3*d + 4. Let j be n(3). Let p = 149 + j. Calculate the greatest common factor of l and p.
10
Suppose -4*p - 3*z = 3 + 5, 0 = -3*p - 5*z - 6. Let w be -17*2/p*11. Suppose 30 - 81 = -3*t. What is the highest common factor of t and w?
17
Suppose -4*z + 1 = 53. Let o = 42 + z. What is the greatest common factor of 29 and o?
29
Suppose -9 = -3*x + 3. Suppose x*y - 4 = 16. Suppose -200 = -5*j - y*r, 55 = 2*j - j + 4*r. What is the highest common factor of j and 7?
7
Let c be (-507)/5*4/((-20)/25). Calculate the greatest common factor of c and 39.
39
Let x(s) = s**2 - s + 78. Let w be x(0). Let o be (w/(-8))/(5/(-20)). Calculate the greatest common factor of o and 13.
13
Let z = 6 - 7. Let b be 2*(15/6 + z). Suppose 0 = m + 1 - b. What is the greatest common divisor of 8 and m?
2
Let s = -32 - -35. Suppose s*l = -l + 56. Calculate the highest common divisor of 56 and l.
14
Suppose -35 = w - 80. Calculate the highest common divisor of w and 27.
9
Let c be (-455)/78 + 2/(-12). Let i = c - -7. Calculate the greatest common divisor of i and 7.
1
Let a(x) = x**3 - 3*x**2 - 4. Let w be a(4). Let f be 21*(2 - 16/w). What is the highest common factor of f and 14?
14
Let o = -137 + 82. Let z = o - -93. Calculate the greatest common factor of 57 and z.
19
Let p be 4/6 + (-4)/(-6)*-154. Let m = 108 + p. What is the highest common divisor of m and 3?
3
Suppose v + 5 - 2 = 0. Let o be 46 + -3 + v + -1. Calculate the highest common factor of 26 and o.
13
Suppose -3*n + q - 332 = -2247, -2*q + 2560 = 4*n. What is the highest common factor of n and 71?
71
Suppose 4*i - n + 260 = -i, -143 = 3*i + 2*n. Let d be 1/(((-3)/i)/1). Let x = 7 + d. What is the highest common factor of 8 and x?
8
Let k be (-12)/78 - (-308)/(-26). Let u be (k/(-8))/(9/924). Calculate the highest common factor of 22 and u.
22
Suppose -i = 2*i - 2*i. Let l be -1*(1 - i) - (-4 + -1). Calculate the highest common divisor of 44 and l.
4
Suppose -4*v + 886 = 2*a, -131*v + 2*a - 438 = -133*v. What is the highest common divisor of 608 and v?
32
Let y be (3 + (-22 - 3))/(-2). Let i(m) = 4*m**2 - 5*m. Let b be i(-4). Suppose -2*h = -b - 158. What is the highest common divisor of y and h?
11
Suppose -16 = -0*a - 4*a. Suppose 0 = a*r - 6*r + 14. Calculate the greatest common factor of r and 7.
7
Suppose 0 = 4*f - 188 - 792. Let o = f + -75. Calculate the greatest common factor of 68 and o.
34
Let n(i) = -i**2 - 18*i + 2. Let m be n(-18). Suppose 0 = -5*z + 3 + 77. Let o be z/(-24)*(-75)/m. Calculate the highest common divisor of o and 125.
25
Suppose 5*q - 12 - 323 = -5*h, -4*q - 3*h = -264. What is the highest common factor of q and 108?
9
Let l = 20 + -15. Suppose -i + l*i + 3*m - 345 = 0, -5*i - 5*m + 435 = 0. What is the highest common divisor of i and 42?
42
Suppose -2*a - 79*i + 362 = -77*i, -4 = -4*i. What is the greatest common factor of a and 45?
45
Suppose 23*t = 18*t + 2*p + 542, 0 = t + p - 107. Calculate the greatest common divisor of 12 and t.
12
Let u(g) = -g + 13. Suppose -4*l - 3*v = -23, 5*l - v + 0*v - 43 = 0. Let d be u(l). Calculate the highest common factor of 1 and d.
1
Suppose -2*m + 28 + 0 = 0. Let r = -48 + 146. What is the greatest common divisor of m and r?
14
Let x(i) = i**3 - 13*i**2 + 2*i - 5. Let m be x(13). Suppose -4*w - 260 = -3*d, 4*w = -2*d + 227 - 67. Calculate the highest common factor of m and d.
21
Let p(v) = -v**3 + 27*v**2 + 11*v - 223. Let t be p(27). Calculate the highest common factor of t and 148.
74
Let d(o) = o**3 + 6*o**2 + 8. Let n be d(-6). Calculate the highest common factor of 64 and n.
8
Suppose 2*s + 3*g = 12, 0*s = -5*s + 4*g + 76. Suppose k + 75 = 6*k. Suppose 0 = -n - s + k. Calculate the highest common divisor of n and 6.
3
Let y be ((-714)/(-18))/(3/9). What is the greatest common divisor of y and 102?
17
Suppose -q + 4*o = -9, -29 - 22 = -2*q - 3*o. Suppose -5*c - 1 = 4*u - q, 2*c + 10 = 2*u. Calculate the highest common divisor of 35 and u.
5
Suppose 90*t = 91*t - 40. Suppose t + 4 = 4*a. Let z = 54 + 67. Calculate the highest common divisor of a and z.
11
Suppose 0 = 10*r - 16*r + 12. Let a be r/(-7) + (0 - 1130/(-35)). Calculate the greatest common factor of a and 160.
32
Let p = 6 + -10. Let l be 3/(-12)*p*-12. Let t be (l/16)/(3/(-84)). Calculate the greatest common divisor of t and 231.
21
Let a(d) = -d**2 - 8*d - 9. Let u be 1/(2/(-6)) + -3. Let g be a(u). Sup